{"id":8,"date":"2011-08-04T20:39:21","date_gmt":"2011-08-04T20:39:21","guid":{"rendered":"http:\/\/www.grupocer.com.uy\/site\/?page_id=8"},"modified":"2020-09-30T16:44:57","modified_gmt":"2020-09-30T16:44:57","slug":"servicios","status":"publish","type":"page","link":"http:\/\/www.grupocer.com.uy\/site\/?page_id=8","title":{"rendered":"Servicios"},"content":{"rendered":"<div id=\"fbuilder_wrapper\">\n<div id=\"fbuilder_content_wrapper\">\n<div id=\"fbuilder_content\">\n<div class=\"fbuilder_row\" data-rowtype=\"0\" data-rowid=\"0\">\n<div>\n<div class=\"fbuilder_column fbuilder_column-1-1\" data-colnumber=\"0\">\n<div class=\"fbuilder_droppable\">\n<div class=\"fbuilder_module\" data-shortcode=\"heading\" data-modid=\"0\">\n<style type=\"text\/css\" scoped=\"scoped\">#frb_h_1571049191.frb_onScreen.frb_animated {-webkit-animation-duration: 1000ms; animation-duration: 1000ms;}#frb_h_1571049191.frb_onScreen.frb_hinge {-webkit-animation-duration: 2000ms; animation-duration: 2000ms;}<\/style>\n<h1 id=\"frb_h_1571049191\" class=\"\" style=\"padding-bottom: 24px !important; margin-top: 0 !important; text-align: left; color: #232323;\">Compuesto por empresas l\u00edderes en sus distintas \u00e1reas de actividad, ponemos a vuestra disposici\u00f3n la siguiente gama de servicios:<\/h1>\n<\/div>\n<\/div>\n<\/div>\n<div style=\"clear: both;\"><\/div>\n<\/div>\n<\/div>\n<div class=\"fbuilder_row\" data-rowtype=\"0\" data-rowid=\"1\">\n<div>\n<div class=\"fbuilder_column fbuilder_column-1-1\" data-colnumber=\"0\">\n<div class=\"fbuilder_droppable\">\n<div class=\"fbuilder_module\" data-shortcode=\"text\" data-modid=\"1\">\n<style type=\"text\/css\" scoped=\"scoped\">#frb_text_365601801.frb_onScreen.frb_animated {-webkit-animation-duration: 1000ms; animation-duration: 1000ms;}#frb_text_365601801.frb_onScreen.frb_hinge {-webkit-animation-duration: 2000ms; animation-duration: 2000ms;}<\/style>\n<div id=\"frb_text_365601801\" class=\"\" style=\"padding-bottom: 24px !important; text-align: left;\">\n<div class=\"frb_text\" style=\"color: #808080;\">De acuerdo a las necesidades espec\u00edficas de cada empresa se analizar\u00e1n y aplicar\u00e1n los recursos humanos y tecnol\u00f3gicos necesarios, con el objetivo de brindar un servicio personalizado, eficiente y competitivo.<\/div>\n<\/div>\n<\/div>\n<\/div>\n<\/div>\n<div style=\"clear: both;\"><\/div>\n<\/div>\n<\/div>\n<div class=\"fbuilder_row\" style=\"padding-top: 10px; padding-bottom: 0px;\" data-rowtype=\"0\" data-rowid=\"2\">\n<div class=\"fbuilder_row_background\" style=\"background-color: #f1f4f8;\"><\/div>\n<div>\n<div class=\"fbuilder_column fbuilder_column-1-1\" data-colnumber=\"0\">\n<div class=\"fbuilder_droppable\" style=\"padding: 0px;\">\n<div class=\"fbuilder_module\" data-shortcode=\"heading\" data-modid=\"4\">\n<style type=\"text\/css\" scoped=\"scoped\">#frb_h_1617120663.frb_onScreen.frb_animated {-webkit-animation-duration: 1000ms; animation-duration: 1000ms;}#frb_h_1617120663.frb_onScreen.frb_hinge {-webkit-animation-duration: 2000ms; animation-duration: 2000ms;}<\/style>\n<h1 id=\"frb_h_1617120663\" class=\"\" style=\"padding-bottom: 24px !important; margin-top: 0 !important; text-align: left; color: #000000;\">Despachos Aduaneros<\/h1>\n<\/div>\n<div class=\"fbuilder_module\" data-shortcode=\"text\" data-modid=\"3\">\n<style type=\"text\/css\" scoped=\"scoped\">#frb_text_159004323.frb_onScreen.frb_animated {-webkit-animation-duration: 1000ms; animation-duration: 1000ms;}#frb_text_159004323.frb_onScreen.frb_hinge {-webkit-animation-duration: 2000ms; animation-duration: 2000ms;}<\/style>\n<div id=\"frb_text_159004323\" class=\"\" style=\"padding-bottom: 24px !important; text-align: left;\">\n<div class=\"frb_text\" style=\"color: #000000;\">\n<ul>\n<li>Importaciones<\/li>\n<li>Exportaciones<\/li>\n<li>Tr\u00e1nsitos<\/li>\n<li>Zonas Francas<\/li>\n<\/ul>\n<\/div>\n<\/div>\n<\/div>\n<\/div>\n<\/div>\n<div style=\"clear: both;\"><\/div>\n<\/div>\n<\/div>\n<div class=\"fbuilder_row\" style=\"padding-top: 10px; padding-bottom: 0px;\" data-rowtype=\"0\" data-rowid=\"3\">\n<div>\n<div class=\"fbuilder_column fbuilder_column-1-1\" data-colnumber=\"0\">\n<div class=\"fbuilder_droppable\">\n<div class=\"fbuilder_module\" data-shortcode=\"heading\" data-modid=\"2\">\n<style type=\"text\/css\" scoped=\"scoped\">#frb_h_1975267780.frb_onScreen.frb_animated {-webkit-animation-duration: 1000ms; animation-duration: 1000ms;}#frb_h_1975267780.frb_onScreen.frb_hinge {-webkit-animation-duration: 2000ms; animation-duration: 2000ms;}<\/style>\n<h1 id=\"frb_h_1975267780\" class=\"\" style=\"padding-bottom: 24px !important; margin-top: 0 !important; text-align: left; color: #000000;\">Log\u00edstica Integral de Cargas<\/h1>\n<\/div>\n<div class=\"fbuilder_module\" data-shortcode=\"text\" data-modid=\"5\">\n<style type=\"text\/css\" scoped=\"scoped\">#frb_text_1588703430.frb_onScreen.frb_animated {-webkit-animation-duration: 1000ms; animation-duration: 1000ms;}#frb_text_1588703430.frb_onScreen.frb_hinge {-webkit-animation-duration: 2000ms; animation-duration: 2000ms;}<\/style>\n<div id=\"frb_text_1588703430\" class=\"\" style=\"padding-bottom: 24px !important; text-align: left;\">\n<div class=\"frb_text\" style=\"color: #000000;\">\n<ul>\n<li>Contrataci\u00f3n de transporte internacional (terrestre, mar\u00edtimo, a\u00e9reo, multimodal)<\/li>\n<li>Seguros de carga Descarga, estiba\/desestiba de carga gral. y contenedores<\/li>\n<li>Consolidaci\u00f3n y desconsolidaci\u00f3n de contenedores<\/li>\n<li>Recepci\u00f3n, control, almacenamiento, fraccionamiento y loteo en dep\u00f3sitos y Zonas Francas Distribuci\u00f3n al cliente final<\/li>\n<\/ul>\n<\/div>\n<\/div>\n<\/div>\n<\/div>\n<\/div>\n<div style=\"clear: both;\"><\/div>\n<\/div>\n<\/div>\n<div class=\"fbuilder_row\" style=\"padding-top: 10px; padding-bottom: 0px;\" data-rowtype=\"0\" data-rowid=\"4\">\n<div class=\"fbuilder_row_background\" style=\"background-color: #f1f4f8;\"><\/div>\n<div>\n<div class=\"fbuilder_column fbuilder_column-1-1\" data-colnumber=\"0\">\n<div class=\"fbuilder_droppable\">\n<div class=\"fbuilder_module\" data-shortcode=\"heading\" data-modid=\"6\">\n<style type=\"text\/css\" scoped=\"scoped\">#frb_h_1165465076.frb_onScreen.frb_animated {-webkit-animation-duration: 1000ms; animation-duration: 1000ms;}#frb_h_1165465076.frb_onScreen.frb_hinge {-webkit-animation-duration: 2000ms; animation-duration: 2000ms;}<\/style>\n<h1 id=\"frb_h_1165465076\" class=\"\" style=\"padding-bottom: 24px !important; margin-top: 0 !important; text-align: left; color: #000000;\">Asesoramiento y Consultor\u00eda<\/h1>\n<\/div>\n<div class=\"fbuilder_module\" data-shortcode=\"text\" data-modid=\"7\">\n<style type=\"text\/css\" scoped=\"scoped\">#frb_text_1303957294.frb_onScreen.frb_animated {-webkit-animation-duration: 1000ms; animation-duration: 1000ms;}#frb_text_1303957294.frb_onScreen.frb_hinge {-webkit-animation-duration: 2000ms; animation-duration: 2000ms;}<\/style>\n<div id=\"frb_text_1303957294\" class=\"\" style=\"padding-bottom: 24px !important; text-align: left;\">\n<div class=\"frb_text\" style=\"color: #000000;\">\n<ul>\n<li>Tratados Internacionales<\/li>\n<li>Normas de Origen<\/li>\n<li>Normativa Sanitaria<\/li>\n<\/ul>\n<\/div>\n<\/div>\n<\/div>\n<\/div>\n<\/div>\n<div style=\"clear: both;\"><\/div>\n<\/div>\n<\/div>\n<div class=\"fbuilder_row\" style=\"padding-top: 10px; padding-bottom: 0px;\" data-rowtype=\"0\" data-rowid=\"5\">\n<div>\n<div class=\"fbuilder_column fbuilder_column-1-1\" data-colnumber=\"0\">\n<div class=\"fbuilder_droppable\">\n<div class=\"fbuilder_module\" data-shortcode=\"heading\" data-modid=\"8\">\n<style type=\"text\/css\" scoped=\"scoped\">#frb_h_1450747196.frb_onScreen.frb_animated {-webkit-animation-duration: 1000ms; animation-duration: 1000ms;}#frb_h_1450747196.frb_onScreen.frb_hinge {-webkit-animation-duration: 2000ms; animation-duration: 2000ms;}<\/style>\n<h1 id=\"frb_h_1450747196\" class=\"\" style=\"padding-bottom: 24px !important; margin-top: 0 !important; text-align: left; color: #000000;\">Investigaci\u00f3n de Mercados<\/h1>\n<\/div>\n<div class=\"fbuilder_module\" data-shortcode=\"text\" data-modid=\"9\">\n<style type=\"text\/css\" scoped=\"scoped\">#frb_text_1253178287.frb_onScreen.frb_animated {-webkit-animation-duration: 1000ms; animation-duration: 1000ms;}#frb_text_1253178287.frb_onScreen.frb_hinge {-webkit-animation-duration: 2000ms; animation-duration: 2000ms;}<\/style>\n<div id=\"frb_text_1253178287\" class=\"\" style=\"padding-bottom: 24px !important; text-align: left;\">\n<div class=\"frb_text\" style=\"color: #000000;\">\n<ul>\n<li>Nuevos productos a ser introducidos al mercado local o exterior<\/li>\n<li>Investigaciones en el Mercado Externo<\/li>\n<\/ul>\n<\/div>\n<\/div>\n<\/div>\n<\/div>\n<\/div>\n<div style=\"clear: both;\"><\/div>\n<\/div>\n<\/div>\n<div class=\"fbuilder_row\" style=\"padding-top: 10px; padding-bottom: 0px;\" data-rowtype=\"0\" data-rowid=\"6\">\n<div class=\"fbuilder_row_background\" style=\"background-color: #f1f4f8;\"><\/div>\n<div>\n<div class=\"fbuilder_column fbuilder_column-1-1\" data-colnumber=\"0\">\n<div class=\"fbuilder_droppable\">\n<div class=\"fbuilder_module\" data-shortcode=\"heading\" data-modid=\"10\">\n<style type=\"text\/css\" scoped=\"scoped\">#frb_h_806121636.frb_onScreen.frb_animated {-webkit-animation-duration: 1000ms; animation-duration: 1000ms;}#frb_h_806121636.frb_onScreen.frb_hinge {-webkit-animation-duration: 2000ms; animation-duration: 2000ms;}<\/style>\n<h1 id=\"frb_h_806121636\" class=\"\" style=\"padding-bottom: 24px !important; margin-top: 0 !important; text-align: left; color: #000000;\">Estad\u00edsticas de Operaciones<\/h1>\n<\/div>\n<div class=\"fbuilder_module\" data-shortcode=\"text\" data-modid=\"11\">\n<style type=\"text\/css\" scoped=\"scoped\">#frb_text_174382598.frb_onScreen.frb_animated {-webkit-animation-duration: 1000ms; animation-duration: 1000ms;}#frb_text_174382598.frb_onScreen.frb_hinge {-webkit-animation-duration: 2000ms; animation-duration: 2000ms;}<\/style>\n<div id=\"frb_text_174382598\" class=\"\" style=\"padding-bottom: 24px !important; text-align: left;\">\n<div class=\"frb_text\" style=\"color: #000000;\">\n<ul>\n<li>Importaciones y\/o exportaciones<\/li>\n<\/ul>\n<\/div>\n<\/div>\n<\/div>\n<\/div>\n<\/div>\n<div style=\"clear: both;\"><\/div>\n<\/div>\n<\/div>\n<div class=\"fbuilder_row\" style=\"padding-top: 10px; padding-bottom: 0px;\" data-rowtype=\"0\" data-rowid=\"7\">\n<div>\n<div class=\"fbuilder_column fbuilder_column-1-1\" data-colnumber=\"0\">\n<div class=\"fbuilder_droppable\">\n<div class=\"fbuilder_module\" data-shortcode=\"heading\" data-modid=\"12\">\n<style type=\"text\/css\" scoped=\"scoped\">#frb_h_1343805004.frb_onScreen.frb_animated {-webkit-animation-duration: 1000ms; animation-duration: 1000ms;}#frb_h_1343805004.frb_onScreen.frb_hinge {-webkit-animation-duration: 2000ms; animation-duration: 2000ms;}<\/style>\n<h1 id=\"frb_h_1343805004\" class=\"\" style=\"padding-bottom: 24px !important; margin-top: 0 !important; text-align: left; color: #000000;\">Administraci\u00f3n Integral<\/h1>\n<\/div>\n<div class=\"fbuilder_module\" data-shortcode=\"text\" data-modid=\"13\">\n<style type=\"text\/css\" scoped=\"scoped\">#frb_text_1350461822.frb_onScreen.frb_animated {-webkit-animation-duration: 1000ms; animation-duration: 1000ms;}#frb_text_1350461822.frb_onScreen.frb_hinge {-webkit-animation-duration: 2000ms; animation-duration: 2000ms;}<\/style>\n<div id=\"frb_text_1350461822\" class=\"\" style=\"padding-bottom: 24px !important; text-align: left;\">\n<div class=\"frb_text\" style=\"color: #000000;\">\n<ul>\n<li>Gesti\u00f3n y negociaci\u00f3n bancaria de cr\u00e9ditos documentarios<\/li>\n<li>Confecci\u00f3n de documentaci\u00f3n (Facturaci\u00f3n, Cert.De Origen, etc.)<\/li>\n<li>Gesti\u00f3n de devoluci\u00f3n de tributos Pedidos al exterior<\/li>\n<li>Administraci\u00f3n de carpetas de importaci\u00f3n\/exportaci\u00f3n<\/li>\n<li>Contabilidad de proveedores y\/o clientes de exterior<\/li>\n<li>Admisiones Temporarias Control de Stock&#8217;s<\/li>\n<\/ul>\n<\/div>\n<\/div>\n<\/div>\n<\/div>\n<\/div>\n<div style=\"clear: both;\"><\/div>\n<\/div>\n<\/div>\n<\/div>\n<div style=\"clear: both;\"><\/div>\n<\/div>\n<div style=\"clear: both;\"><\/div>\n<\/div>\n","protected":false},"excerpt":{"rendered":"<p>Compuesto por empresas l\u00edderes en sus distintas \u00e1reas de actividad, ponemos a vuestra disposici\u00f3n la siguiente gama de servicios: De acuerdo a las necesidades espec\u00edficas de cada empresa se analizar\u00e1n y aplicar\u00e1n los recursos humanos y tecnol\u00f3gicos necesarios, con el objetivo de brindar un servicio personalizado, eficiente y competitivo. Despachos Aduaneros Importaciones Exportaciones Tr\u00e1nsitos Zonas [&hellip;]<\/p>\n","protected":false},"author":1,"featured_media":0,"parent":0,"menu_order":2,"comment_status":"closed","ping_status":"closed","template":"","meta":{"_et_pb_use_builder":"","_et_pb_old_content":"","_et_gb_content_width":""},"_links":{"self":[{"href":"http:\/\/www.grupocer.com.uy\/site\/index.php?rest_route=\/wp\/v2\/pages\/8"}],"collection":[{"href":"http:\/\/www.grupocer.com.uy\/site\/index.php?rest_route=\/wp\/v2\/pages"}],"about":[{"href":"http:\/\/www.grupocer.com.uy\/site\/index.php?rest_route=\/wp\/v2\/types\/page"}],"author":[{"embeddable":true,"href":"http:\/\/www.grupocer.com.uy\/site\/index.php?rest_route=\/wp\/v2\/users\/1"}],"replies":[{"embeddable":true,"href":"http:\/\/www.grupocer.com.uy\/site\/index.php?rest_route=%2Fwp%2Fv2%2Fcomments&post=8"}],"version-history":[{"count":36,"href":"http:\/\/www.grupocer.com.uy\/site\/index.php?rest_route=\/wp\/v2\/pages\/8\/revisions"}],"predecessor-version":[{"id":405,"href":"http:\/\/www.grupocer.com.uy\/site\/index.php?rest_route=\/wp\/v2\/pages\/8\/revisions\/405"}],"wp:attachment":[{"href":"http:\/\/www.grupocer.com.uy\/site\/index.php?rest_route=%2Fwp%2Fv2%2Fmedia&parent=8"}],"curies":[{"name":"wp","href":"https:\/\/api.w.org\/{rel}","templated":true}]}}